{"id":435,"date":"2020-12-21T18:48:07","date_gmt":"2020-12-21T18:48:07","guid":{"rendered":"http:\/\/economiasocial.aupex.org\/?page_id=435"},"modified":"2020-12-22T12:10:10","modified_gmt":"2020-12-22T12:10:10","slug":"empresas-de-economia-social-en-extremadura-que-prestan-servicios-a-la-dependencia","status":"publish","type":"page","link":"https:\/\/economiasocial.aupex.org\/index.php\/empresas-de-economia-social-en-extremadura-que-prestan-servicios-a-la-dependencia\/","title":{"rendered":"Empresas de Econom\u00eda Social en Extremadura que prestan servicios a la dependencia"},"content":{"rendered":"\n<figure class=\"wp-block-table is-style-stripes\"><table><thead><tr><th><\/th><th><\/th><\/tr><\/thead><tbody><tr><td><strong>TIPO DE ENTIDAD DE ECONOM\u00cdA SOCIAL<\/strong><\/td><td><strong>ENLACE DE CONSULTA.<\/strong><\/td><\/tr><tr><td>Cooperativas<\/td><td><a href=\"http:\/\/directorio.extremaduraempresarial.es\/directorio\/\">http:\/\/directorio.extremaduraempresarial.es\/directorio\/<\/a> <br>Seleccionar en forma jur\u00eddica: Cooperativa.<br><\/td><\/tr><tr><td>Sociedades Laborales<\/td><td>En proceso de b\u00fasqueda.<\/td><\/tr><tr><td>Mutualidades<\/td><td><a href=\"https:\/\/empresite.eleconomista.es\/Actividad\/MUTUAS-EN-BADAJOZ\/provincia\/BADAJOZ\/\">https:\/\/empresite.eleconomista.es\/Actividad\/MUTUAS-EN-BADAJOZ\/provincia\/BADAJOZ\/<\/a><br><a href=\"https:\/\/empresite.eleconomista.es\/Actividad\/MUTUAS-EN-CACERES\/provincia\/CACERES\/\">https:\/\/empresite.eleconomista.es\/Actividad\/MUTUAS-EN-CACERES\/provincia\/CACERES\/<\/a><\/td><\/tr><tr><td>Centros especiales de empleo<\/td><td><a href=\"https:\/\/extremaduratrabaja.juntaex.es\/descargar.php?modulo=documentos&amp;file=110\">https:\/\/extremaduratrabaja.juntaex.es\/descargar.php?modulo=documentos&amp;file=110<\/a><br><\/td><\/tr><tr><td>Empresas de Inserci\u00f3n<\/td><td><a href=\"http:\/\/www.faedei.org\/es\/registro-de-empresas-de-insercion-en-extremadura\">http:\/\/www.faedei.org\/es\/registro-de-empresas-de-insercion-en-extremadura<\/a><br><a href=\"https:\/\/empresite.eleconomista.es\/Actividad\/INSERCION-LABORAL\/provincia\/BADAJOZ\">https:\/\/empresite.eleconomista.es\/Actividad\/INSERCION-LABORAL\/provincia\/BADAJOZ<\/a><br><a href=\"https:\/\/empresite.eleconomista.es\/Actividad\/INSERCION-LABORAL-EN-CACERES-\/provincia\/CACERES\/\">https:\/\/empresite.eleconomista.es\/Actividad\/INSERCION-LABORAL-EN-CACERES-\/provincia\/CACERES\/<\/a><br><\/td><\/tr><tr><td>Fundaciones<\/td><td>Directorio de Fundaciones Junta de Extremadura <a href=\"http:\/\/www.juntaex.es\/ddgg004\/63#FUND23\">http:\/\/www.juntaex.es\/ddgg004\/63#FUND23<\/a><br><\/td><\/tr><tr><td>Asociaciones<\/td><td>Listado de entidades inscritas en el Registro de ONGDS. <a href=\"http:\/\/www.juntaex.es\/aexcid\/27\">http:\/\/www.juntaex.es\/aexcid\/27<\/a><br><\/td><\/tr><tr><td>Sociedades Agraria de Transformaci\u00f3n<\/td><td><a href=\"https:\/\/empresite.eleconomista.es\/Actividad\/SOCIEDAD-AGRARIA-DE-TRANSFORMACION\/provincia\/BADAJOZ\/\">https:\/\/empresite.eleconomista.es\/Actividad\/SOCIEDAD-AGRARIA-DE-TRANSFORMACION\/provincia\/BADAJOZ\/<\/a><br><a href=\"https:\/\/empresite.eleconomista.es\/Actividad\/SOCIEDAD-AGRARIA-DE-TRANSFORMACION-CACERES\/provincia\/CACERES\/\">https:\/\/empresite.eleconomista.es\/Actividad\/SOCIEDAD-AGRARIA-DE-TRANSFORMACION-CACERES\/provincia\/CACERES\/<\/a><\/td><\/tr><\/tbody><\/table><\/figure>\n","protected":false},"excerpt":{"rendered":"<p>TIPO DE ENTIDAD DE ECONOM\u00cdA SOCIAL ENLACE DE CONSULTA. Cooperativas http:\/\/directorio.extremaduraempresarial.es\/directorio\/ Seleccionar en forma jur\u00eddica: Cooperativa. Sociedades Laborales En proceso de b\u00fasqueda. Mutualidades https:\/\/empresite.eleconomista.es\/Actividad\/MUTUAS-EN-BADAJOZ\/provincia\/BADAJOZ\/https:\/\/empresite.eleconomista.es\/Actividad\/MUTUAS-EN-CACERES\/provincia\/CACERES\/ Centros especiales de empleo https:\/\/extremaduratrabaja.juntaex.es\/descargar.php?modulo=documentos&amp;file=110 Empresas de Inserci\u00f3n http:\/\/www.faedei.org\/es\/registro-de-empresas-de-insercion-en-extremadurahttps:\/\/empresite.eleconomista.es\/Actividad\/INSERCION-LABORAL\/provincia\/BADAJOZhttps:\/\/empresite.eleconomista.es\/Actividad\/INSERCION-LABORAL-EN-CACERES-\/provincia\/CACERES\/ Fundaciones Directorio de Fundaciones Junta de Extremadura http:\/\/www.juntaex.es\/ddgg004\/63#FUND23 Asociaciones Listado de entidades inscritas en el Registro de [&hellip;]<\/p>\n","protected":false},"author":4,"featured_media":0,"parent":0,"menu_order":0,"comment_status":"closed","ping_status":"closed","template":"","meta":{"jetpack_post_was_ever_published":false,"footnotes":""},"class_list":["post-435","page","type-page","status-publish","hentry"],"yoast_head":"<!-- This site is optimized with the Yoast SEO plugin v27.2 - https:\/\/yoast.com\/product\/yoast-seo-wordpress\/ -->\n<title>Empresas de Econom\u00eda Social en Extremadura que prestan servicios a la dependencia - Econom\u00eda Social sin barreras<\/title>\n<meta name=\"robots\" content=\"index, follow, max-snippet:-1, max-image-preview:large, max-video-preview:-1\" \/>\n<link rel=\"canonical\" href=\"https:\/\/economiasocial.aupex.org\/index.php\/empresas-de-economia-social-en-extremadura-que-prestan-servicios-a-la-dependencia\/\" \/>\n<meta property=\"og:locale\" content=\"es_ES\" \/>\n<meta property=\"og:type\" content=\"article\" \/>\n<meta property=\"og:title\" content=\"Empresas de Econom\u00eda Social en Extremadura que prestan servicios a la dependencia - Econom\u00eda Social sin barreras\" \/>\n<meta property=\"og:description\" content=\"TIPO DE ENTIDAD DE ECONOM\u00cdA SOCIAL ENLACE DE CONSULTA. Cooperativas http:\/\/directorio.extremaduraempresarial.es\/directorio\/ Seleccionar en forma jur\u00eddica: Cooperativa. Sociedades Laborales En proceso de b\u00fasqueda. Mutualidades https:\/\/empresite.eleconomista.es\/Actividad\/MUTUAS-EN-BADAJOZ\/provincia\/BADAJOZ\/https:\/\/empresite.eleconomista.es\/Actividad\/MUTUAS-EN-CACERES\/provincia\/CACERES\/ Centros especiales de empleo https:\/\/extremaduratrabaja.juntaex.es\/descargar.php?modulo=documentos&amp;file=110 Empresas de Inserci\u00f3n http:\/\/www.faedei.org\/es\/registro-de-empresas-de-insercion-en-extremadurahttps:\/\/empresite.eleconomista.es\/Actividad\/INSERCION-LABORAL\/provincia\/BADAJOZhttps:\/\/empresite.eleconomista.es\/Actividad\/INSERCION-LABORAL-EN-CACERES-\/provincia\/CACERES\/ Fundaciones Directorio de Fundaciones Junta de Extremadura http:\/\/www.juntaex.es\/ddgg004\/63#FUND23 Asociaciones Listado de entidades inscritas en el Registro de [&hellip;]\" \/>\n<meta property=\"og:url\" content=\"https:\/\/economiasocial.aupex.org\/index.php\/empresas-de-economia-social-en-extremadura-que-prestan-servicios-a-la-dependencia\/\" \/>\n<meta property=\"og:site_name\" content=\"Econom\u00eda Social sin barreras\" \/>\n<meta property=\"article:modified_time\" content=\"2020-12-22T12:10:10+00:00\" \/>\n<meta property=\"og:image\" content=\"https:\/\/i0.wp.com\/economiasocial.aupex.org\/wp-content\/uploads\/2020\/12\/My-Post.png?fit=1200%2C628&ssl=1\" \/>\n\t<meta property=\"og:image:width\" content=\"1200\" \/>\n\t<meta property=\"og:image:height\" content=\"628\" \/>\n\t<meta property=\"og:image:type\" content=\"image\/png\" \/>\n<meta name=\"twitter:card\" content=\"summary_large_image\" \/>\n<meta name=\"twitter:label1\" content=\"Tiempo de lectura\" \/>\n\t<meta name=\"twitter:data1\" content=\"1 minuto\" \/>\n<script type=\"application\/ld+json\" class=\"yoast-schema-graph\">{\"@context\":\"https:\/\/schema.org\",\"@graph\":[{\"@type\":\"WebPage\",\"@id\":\"https:\/\/economiasocial.aupex.org\/index.php\/empresas-de-economia-social-en-extremadura-que-prestan-servicios-a-la-dependencia\/\",\"url\":\"https:\/\/economiasocial.aupex.org\/index.php\/empresas-de-economia-social-en-extremadura-que-prestan-servicios-a-la-dependencia\/\",\"name\":\"Empresas de Econom\u00eda Social en Extremadura que prestan servicios a la dependencia - Econom\u00eda Social sin barreras\",\"isPartOf\":{\"@id\":\"https:\/\/economiasocial.aupex.org\/#website\"},\"datePublished\":\"2020-12-21T18:48:07+00:00\",\"dateModified\":\"2020-12-22T12:10:10+00:00\",\"breadcrumb\":{\"@id\":\"https:\/\/economiasocial.aupex.org\/index.php\/empresas-de-economia-social-en-extremadura-que-prestan-servicios-a-la-dependencia\/#breadcrumb\"},\"inLanguage\":\"es\",\"potentialAction\":[{\"@type\":\"ReadAction\",\"target\":[\"https:\/\/economiasocial.aupex.org\/index.php\/empresas-de-economia-social-en-extremadura-que-prestan-servicios-a-la-dependencia\/\"]}]},{\"@type\":\"BreadcrumbList\",\"@id\":\"https:\/\/economiasocial.aupex.org\/index.php\/empresas-de-economia-social-en-extremadura-que-prestan-servicios-a-la-dependencia\/#breadcrumb\",\"itemListElement\":[{\"@type\":\"ListItem\",\"position\":1,\"name\":\"Portada\",\"item\":\"https:\/\/economiasocial.aupex.org\/\"},{\"@type\":\"ListItem\",\"position\":2,\"name\":\"Empresas de Econom\u00eda Social en Extremadura que prestan servicios a la dependencia\"}]},{\"@type\":\"WebSite\",\"@id\":\"https:\/\/economiasocial.aupex.org\/#website\",\"url\":\"https:\/\/economiasocial.aupex.org\/\",\"name\":\"Econom\u00eda Social sin barreras\",\"description\":\"Con las personas dependientes de Extremadura\",\"publisher\":{\"@id\":\"https:\/\/economiasocial.aupex.org\/#organization\"},\"potentialAction\":[{\"@type\":\"SearchAction\",\"target\":{\"@type\":\"EntryPoint\",\"urlTemplate\":\"https:\/\/economiasocial.aupex.org\/?s={search_term_string}\"},\"query-input\":{\"@type\":\"PropertyValueSpecification\",\"valueRequired\":true,\"valueName\":\"search_term_string\"}}],\"inLanguage\":\"es\"},{\"@type\":\"Organization\",\"@id\":\"https:\/\/economiasocial.aupex.org\/#organization\",\"name\":\"Econom\u00eda Social sin barreras\",\"url\":\"https:\/\/economiasocial.aupex.org\/\",\"logo\":{\"@type\":\"ImageObject\",\"inLanguage\":\"es\",\"@id\":\"https:\/\/economiasocial.aupex.org\/#\/schema\/logo\/image\/\",\"url\":\"https:\/\/i2.wp.com\/economiasocial.aupex.org\/wp-content\/uploads\/2020\/12\/ES_logo.png?fit=1139%2C363\",\"contentUrl\":\"https:\/\/i2.wp.com\/economiasocial.aupex.org\/wp-content\/uploads\/2020\/12\/ES_logo.png?fit=1139%2C363\",\"width\":1139,\"height\":363,\"caption\":\"Econom\u00eda Social sin barreras\"},\"image\":{\"@id\":\"https:\/\/economiasocial.aupex.org\/#\/schema\/logo\/image\/\"}}]}<\/script>\n<!-- \/ Yoast SEO plugin. -->","yoast_head_json":{"title":"Empresas de Econom\u00eda Social en Extremadura que prestan servicios a la dependencia - Econom\u00eda Social sin barreras","robots":{"index":"index","follow":"follow","max-snippet":"max-snippet:-1","max-image-preview":"max-image-preview:large","max-video-preview":"max-video-preview:-1"},"canonical":"https:\/\/economiasocial.aupex.org\/index.php\/empresas-de-economia-social-en-extremadura-que-prestan-servicios-a-la-dependencia\/","og_locale":"es_ES","og_type":"article","og_title":"Empresas de Econom\u00eda Social en Extremadura que prestan servicios a la dependencia - Econom\u00eda Social sin barreras","og_description":"TIPO DE ENTIDAD DE ECONOM\u00cdA SOCIAL ENLACE DE CONSULTA. Cooperativas http:\/\/directorio.extremaduraempresarial.es\/directorio\/ Seleccionar en forma jur\u00eddica: Cooperativa. Sociedades Laborales En proceso de b\u00fasqueda. Mutualidades https:\/\/empresite.eleconomista.es\/Actividad\/MUTUAS-EN-BADAJOZ\/provincia\/BADAJOZ\/https:\/\/empresite.eleconomista.es\/Actividad\/MUTUAS-EN-CACERES\/provincia\/CACERES\/ Centros especiales de empleo https:\/\/extremaduratrabaja.juntaex.es\/descargar.php?modulo=documentos&amp;file=110 Empresas de Inserci\u00f3n http:\/\/www.faedei.org\/es\/registro-de-empresas-de-insercion-en-extremadurahttps:\/\/empresite.eleconomista.es\/Actividad\/INSERCION-LABORAL\/provincia\/BADAJOZhttps:\/\/empresite.eleconomista.es\/Actividad\/INSERCION-LABORAL-EN-CACERES-\/provincia\/CACERES\/ Fundaciones Directorio de Fundaciones Junta de Extremadura http:\/\/www.juntaex.es\/ddgg004\/63#FUND23 Asociaciones Listado de entidades inscritas en el Registro de [&hellip;]","og_url":"https:\/\/economiasocial.aupex.org\/index.php\/empresas-de-economia-social-en-extremadura-que-prestan-servicios-a-la-dependencia\/","og_site_name":"Econom\u00eda Social sin barreras","article_modified_time":"2020-12-22T12:10:10+00:00","og_image":[{"width":1200,"height":628,"url":"https:\/\/i0.wp.com\/economiasocial.aupex.org\/wp-content\/uploads\/2020\/12\/My-Post.png?fit=1200%2C628&ssl=1","type":"image\/png"}],"twitter_card":"summary_large_image","twitter_misc":{"Tiempo de lectura":"1 minuto"},"schema":{"@context":"https:\/\/schema.org","@graph":[{"@type":"WebPage","@id":"https:\/\/economiasocial.aupex.org\/index.php\/empresas-de-economia-social-en-extremadura-que-prestan-servicios-a-la-dependencia\/","url":"https:\/\/economiasocial.aupex.org\/index.php\/empresas-de-economia-social-en-extremadura-que-prestan-servicios-a-la-dependencia\/","name":"Empresas de Econom\u00eda Social en Extremadura que prestan servicios a la dependencia - Econom\u00eda Social sin barreras","isPartOf":{"@id":"https:\/\/economiasocial.aupex.org\/#website"},"datePublished":"2020-12-21T18:48:07+00:00","dateModified":"2020-12-22T12:10:10+00:00","breadcrumb":{"@id":"https:\/\/economiasocial.aupex.org\/index.php\/empresas-de-economia-social-en-extremadura-que-prestan-servicios-a-la-dependencia\/#breadcrumb"},"inLanguage":"es","potentialAction":[{"@type":"ReadAction","target":["https:\/\/economiasocial.aupex.org\/index.php\/empresas-de-economia-social-en-extremadura-que-prestan-servicios-a-la-dependencia\/"]}]},{"@type":"BreadcrumbList","@id":"https:\/\/economiasocial.aupex.org\/index.php\/empresas-de-economia-social-en-extremadura-que-prestan-servicios-a-la-dependencia\/#breadcrumb","itemListElement":[{"@type":"ListItem","position":1,"name":"Portada","item":"https:\/\/economiasocial.aupex.org\/"},{"@type":"ListItem","position":2,"name":"Empresas de Econom\u00eda Social en Extremadura que prestan servicios a la dependencia"}]},{"@type":"WebSite","@id":"https:\/\/economiasocial.aupex.org\/#website","url":"https:\/\/economiasocial.aupex.org\/","name":"Econom\u00eda Social sin barreras","description":"Con las personas dependientes de Extremadura","publisher":{"@id":"https:\/\/economiasocial.aupex.org\/#organization"},"potentialAction":[{"@type":"SearchAction","target":{"@type":"EntryPoint","urlTemplate":"https:\/\/economiasocial.aupex.org\/?s={search_term_string}"},"query-input":{"@type":"PropertyValueSpecification","valueRequired":true,"valueName":"search_term_string"}}],"inLanguage":"es"},{"@type":"Organization","@id":"https:\/\/economiasocial.aupex.org\/#organization","name":"Econom\u00eda Social sin barreras","url":"https:\/\/economiasocial.aupex.org\/","logo":{"@type":"ImageObject","inLanguage":"es","@id":"https:\/\/economiasocial.aupex.org\/#\/schema\/logo\/image\/","url":"https:\/\/i2.wp.com\/economiasocial.aupex.org\/wp-content\/uploads\/2020\/12\/ES_logo.png?fit=1139%2C363","contentUrl":"https:\/\/i2.wp.com\/economiasocial.aupex.org\/wp-content\/uploads\/2020\/12\/ES_logo.png?fit=1139%2C363","width":1139,"height":363,"caption":"Econom\u00eda Social sin barreras"},"image":{"@id":"https:\/\/economiasocial.aupex.org\/#\/schema\/logo\/image\/"}}]}},"jetpack_shortlink":"https:\/\/wp.me\/PasIM4-71","jetpack-related-posts":[],"jetpack_sharing_enabled":true,"_links":{"self":[{"href":"https:\/\/economiasocial.aupex.org\/index.php\/wp-json\/wp\/v2\/pages\/435","targetHints":{"allow":["GET"]}}],"collection":[{"href":"https:\/\/economiasocial.aupex.org\/index.php\/wp-json\/wp\/v2\/pages"}],"about":[{"href":"https:\/\/economiasocial.aupex.org\/index.php\/wp-json\/wp\/v2\/types\/page"}],"author":[{"embeddable":true,"href":"https:\/\/economiasocial.aupex.org\/index.php\/wp-json\/wp\/v2\/users\/4"}],"replies":[{"embeddable":true,"href":"https:\/\/economiasocial.aupex.org\/index.php\/wp-json\/wp\/v2\/comments?post=435"}],"version-history":[{"count":4,"href":"https:\/\/economiasocial.aupex.org\/index.php\/wp-json\/wp\/v2\/pages\/435\/revisions"}],"predecessor-version":[{"id":465,"href":"https:\/\/economiasocial.aupex.org\/index.php\/wp-json\/wp\/v2\/pages\/435\/revisions\/465"}],"wp:attachment":[{"href":"https:\/\/economiasocial.aupex.org\/index.php\/wp-json\/wp\/v2\/media?parent=435"}],"curies":[{"name":"wp","href":"https:\/\/api.w.org\/{rel}","templated":true}]}}