{"id":460,"date":"2020-12-22T12:05:29","date_gmt":"2020-12-22T12:05:29","guid":{"rendered":"http:\/\/economiasocial.aupex.org\/?page_id=460"},"modified":"2020-12-22T12:11:36","modified_gmt":"2020-12-22T12:11:36","slug":"legislacion-relativa-a-la-dependencia-en-extremadura","status":"publish","type":"page","link":"https:\/\/economiasocial.aupex.org\/index.php\/legislacion-relativa-a-la-dependencia-en-extremadura\/","title":{"rendered":"Legislaci\u00f3n relativa a la dependencia en Extremadura."},"content":{"rendered":"\n<figure class=\"wp-block-table is-style-stripes\"><table class=\"has-subtle-pale-pink-background-color has-background\"><thead><tr><th>NORMATIVA  AUTON\u00d3MICA<\/th><\/tr><\/thead><tbody><tr><td>-Ley 39-2006 Promoci\u00f3n Autonom\u00eda Personal y Atenci\u00f3n Dependencia.<br>-Orden 07-02-2013 Criterios determinaci\u00f3n prestaci\u00f3n econ\u00f3mica.<br>-Orden 13 -11-2017 que modifica Orden 30-11-12 y 7-2-13.<br>-Decreto 1-2009 regulador procedimiento reconocimiento situaci\u00f3n dependencia.<br>-Orden 30-11-2012 Catalogo Servicios y Prestaciones C.A. Extremadura.<br>-Decreto 68-2019 Modifica Decreto 1-2009 Solicitud y la Orden 07-02-2013.<br>-Correcci\u00f3n de Errores del Decreto 68-2019 que modifica Decreto 1-2009.<\/td><\/tr><\/tbody><\/table><figcaption>Fuente: SEPAD<\/figcaption><\/figure>\n","protected":false},"excerpt":{"rendered":"<p>NORMATIVA AUTON\u00d3MICA -Ley 39-2006 Promoci\u00f3n Autonom\u00eda Personal y Atenci\u00f3n Dependencia.-Orden 07-02-2013 Criterios determinaci\u00f3n prestaci\u00f3n econ\u00f3mica.-Orden 13 -11-2017 que modifica Orden 30-11-12 y 7-2-13.-Decreto 1-2009 regulador procedimiento reconocimiento situaci\u00f3n dependencia.-Orden 30-11-2012 Catalogo Servicios y Prestaciones C.A. Extremadura.-Decreto 68-2019 Modifica Decreto 1-2009 Solicitud y la Orden 07-02-2013.-Correcci\u00f3n de Errores del Decreto 68-2019 [&hellip;]<\/p>\n","protected":false},"author":4,"featured_media":0,"parent":0,"menu_order":0,"comment_status":"closed","ping_status":"closed","template":"","meta":{"jetpack_post_was_ever_published":false,"footnotes":""},"class_list":["post-460","page","type-page","status-publish","hentry"],"yoast_head":"<!-- This site is optimized with the Yoast SEO plugin v27.2 - https:\/\/yoast.com\/product\/yoast-seo-wordpress\/ -->\n<title>Legislaci\u00f3n relativa a la dependencia en Extremadura. - Econom\u00eda Social sin barreras<\/title>\n<meta name=\"robots\" content=\"index, follow, max-snippet:-1, max-image-preview:large, max-video-preview:-1\" \/>\n<link rel=\"canonical\" href=\"https:\/\/economiasocial.aupex.org\/index.php\/legislacion-relativa-a-la-dependencia-en-extremadura\/\" \/>\n<meta property=\"og:locale\" content=\"es_ES\" \/>\n<meta property=\"og:type\" content=\"article\" \/>\n<meta property=\"og:title\" content=\"Legislaci\u00f3n relativa a la dependencia en Extremadura. - Econom\u00eda Social sin barreras\" \/>\n<meta property=\"og:description\" content=\"NORMATIVA AUTON\u00d3MICA -Ley 39-2006 Promoci\u00f3n Autonom\u00eda Personal y Atenci\u00f3n Dependencia.-Orden 07-02-2013 Criterios determinaci\u00f3n prestaci\u00f3n econ\u00f3mica.-Orden 13 -11-2017 que modifica Orden 30-11-12 y 7-2-13.-Decreto 1-2009 regulador procedimiento reconocimiento situaci\u00f3n dependencia.-Orden 30-11-2012 Catalogo Servicios y Prestaciones C.A. Extremadura.-Decreto 68-2019 Modifica Decreto 1-2009 Solicitud y la Orden 07-02-2013.-Correcci\u00f3n de Errores del Decreto 68-2019 [&hellip;]\" \/>\n<meta property=\"og:url\" content=\"https:\/\/economiasocial.aupex.org\/index.php\/legislacion-relativa-a-la-dependencia-en-extremadura\/\" \/>\n<meta property=\"og:site_name\" content=\"Econom\u00eda Social sin barreras\" \/>\n<meta property=\"article:modified_time\" content=\"2020-12-22T12:11:36+00:00\" \/>\n<meta property=\"og:image\" content=\"https:\/\/i0.wp.com\/economiasocial.aupex.org\/wp-content\/uploads\/2020\/12\/My-Post.png?fit=1200%2C628&ssl=1\" \/>\n\t<meta property=\"og:image:width\" content=\"1200\" \/>\n\t<meta property=\"og:image:height\" content=\"628\" \/>\n\t<meta property=\"og:image:type\" content=\"image\/png\" \/>\n<meta name=\"twitter:card\" content=\"summary_large_image\" \/>\n<script type=\"application\/ld+json\" class=\"yoast-schema-graph\">{\"@context\":\"https:\/\/schema.org\",\"@graph\":[{\"@type\":\"WebPage\",\"@id\":\"https:\/\/economiasocial.aupex.org\/index.php\/legislacion-relativa-a-la-dependencia-en-extremadura\/\",\"url\":\"https:\/\/economiasocial.aupex.org\/index.php\/legislacion-relativa-a-la-dependencia-en-extremadura\/\",\"name\":\"Legislaci\u00f3n relativa a la dependencia en Extremadura. - Econom\u00eda Social sin barreras\",\"isPartOf\":{\"@id\":\"https:\/\/economiasocial.aupex.org\/#website\"},\"datePublished\":\"2020-12-22T12:05:29+00:00\",\"dateModified\":\"2020-12-22T12:11:36+00:00\",\"breadcrumb\":{\"@id\":\"https:\/\/economiasocial.aupex.org\/index.php\/legislacion-relativa-a-la-dependencia-en-extremadura\/#breadcrumb\"},\"inLanguage\":\"es\",\"potentialAction\":[{\"@type\":\"ReadAction\",\"target\":[\"https:\/\/economiasocial.aupex.org\/index.php\/legislacion-relativa-a-la-dependencia-en-extremadura\/\"]}]},{\"@type\":\"BreadcrumbList\",\"@id\":\"https:\/\/economiasocial.aupex.org\/index.php\/legislacion-relativa-a-la-dependencia-en-extremadura\/#breadcrumb\",\"itemListElement\":[{\"@type\":\"ListItem\",\"position\":1,\"name\":\"Portada\",\"item\":\"https:\/\/economiasocial.aupex.org\/\"},{\"@type\":\"ListItem\",\"position\":2,\"name\":\"Legislaci\u00f3n relativa a la dependencia en Extremadura.\"}]},{\"@type\":\"WebSite\",\"@id\":\"https:\/\/economiasocial.aupex.org\/#website\",\"url\":\"https:\/\/economiasocial.aupex.org\/\",\"name\":\"Econom\u00eda Social sin barreras\",\"description\":\"Con las personas dependientes de Extremadura\",\"publisher\":{\"@id\":\"https:\/\/economiasocial.aupex.org\/#organization\"},\"potentialAction\":[{\"@type\":\"SearchAction\",\"target\":{\"@type\":\"EntryPoint\",\"urlTemplate\":\"https:\/\/economiasocial.aupex.org\/?s={search_term_string}\"},\"query-input\":{\"@type\":\"PropertyValueSpecification\",\"valueRequired\":true,\"valueName\":\"search_term_string\"}}],\"inLanguage\":\"es\"},{\"@type\":\"Organization\",\"@id\":\"https:\/\/economiasocial.aupex.org\/#organization\",\"name\":\"Econom\u00eda Social sin barreras\",\"url\":\"https:\/\/economiasocial.aupex.org\/\",\"logo\":{\"@type\":\"ImageObject\",\"inLanguage\":\"es\",\"@id\":\"https:\/\/economiasocial.aupex.org\/#\/schema\/logo\/image\/\",\"url\":\"https:\/\/i2.wp.com\/economiasocial.aupex.org\/wp-content\/uploads\/2020\/12\/ES_logo.png?fit=1139%2C363\",\"contentUrl\":\"https:\/\/i2.wp.com\/economiasocial.aupex.org\/wp-content\/uploads\/2020\/12\/ES_logo.png?fit=1139%2C363\",\"width\":1139,\"height\":363,\"caption\":\"Econom\u00eda Social sin barreras\"},\"image\":{\"@id\":\"https:\/\/economiasocial.aupex.org\/#\/schema\/logo\/image\/\"}}]}<\/script>\n<!-- \/ Yoast SEO plugin. -->","yoast_head_json":{"title":"Legislaci\u00f3n relativa a la dependencia en Extremadura. - Econom\u00eda Social sin barreras","robots":{"index":"index","follow":"follow","max-snippet":"max-snippet:-1","max-image-preview":"max-image-preview:large","max-video-preview":"max-video-preview:-1"},"canonical":"https:\/\/economiasocial.aupex.org\/index.php\/legislacion-relativa-a-la-dependencia-en-extremadura\/","og_locale":"es_ES","og_type":"article","og_title":"Legislaci\u00f3n relativa a la dependencia en Extremadura. - Econom\u00eda Social sin barreras","og_description":"NORMATIVA AUTON\u00d3MICA -Ley 39-2006 Promoci\u00f3n Autonom\u00eda Personal y Atenci\u00f3n Dependencia.-Orden 07-02-2013 Criterios determinaci\u00f3n prestaci\u00f3n econ\u00f3mica.-Orden 13 -11-2017 que modifica Orden 30-11-12 y 7-2-13.-Decreto 1-2009 regulador procedimiento reconocimiento situaci\u00f3n dependencia.-Orden 30-11-2012 Catalogo Servicios y Prestaciones C.A. Extremadura.-Decreto 68-2019 Modifica Decreto 1-2009 Solicitud y la Orden 07-02-2013.-Correcci\u00f3n de Errores del Decreto 68-2019 [&hellip;]","og_url":"https:\/\/economiasocial.aupex.org\/index.php\/legislacion-relativa-a-la-dependencia-en-extremadura\/","og_site_name":"Econom\u00eda Social sin barreras","article_modified_time":"2020-12-22T12:11:36+00:00","og_image":[{"width":1200,"height":628,"url":"https:\/\/i0.wp.com\/economiasocial.aupex.org\/wp-content\/uploads\/2020\/12\/My-Post.png?fit=1200%2C628&ssl=1","type":"image\/png"}],"twitter_card":"summary_large_image","schema":{"@context":"https:\/\/schema.org","@graph":[{"@type":"WebPage","@id":"https:\/\/economiasocial.aupex.org\/index.php\/legislacion-relativa-a-la-dependencia-en-extremadura\/","url":"https:\/\/economiasocial.aupex.org\/index.php\/legislacion-relativa-a-la-dependencia-en-extremadura\/","name":"Legislaci\u00f3n relativa a la dependencia en Extremadura. - Econom\u00eda Social sin barreras","isPartOf":{"@id":"https:\/\/economiasocial.aupex.org\/#website"},"datePublished":"2020-12-22T12:05:29+00:00","dateModified":"2020-12-22T12:11:36+00:00","breadcrumb":{"@id":"https:\/\/economiasocial.aupex.org\/index.php\/legislacion-relativa-a-la-dependencia-en-extremadura\/#breadcrumb"},"inLanguage":"es","potentialAction":[{"@type":"ReadAction","target":["https:\/\/economiasocial.aupex.org\/index.php\/legislacion-relativa-a-la-dependencia-en-extremadura\/"]}]},{"@type":"BreadcrumbList","@id":"https:\/\/economiasocial.aupex.org\/index.php\/legislacion-relativa-a-la-dependencia-en-extremadura\/#breadcrumb","itemListElement":[{"@type":"ListItem","position":1,"name":"Portada","item":"https:\/\/economiasocial.aupex.org\/"},{"@type":"ListItem","position":2,"name":"Legislaci\u00f3n relativa a la dependencia en Extremadura."}]},{"@type":"WebSite","@id":"https:\/\/economiasocial.aupex.org\/#website","url":"https:\/\/economiasocial.aupex.org\/","name":"Econom\u00eda Social sin barreras","description":"Con las personas dependientes de Extremadura","publisher":{"@id":"https:\/\/economiasocial.aupex.org\/#organization"},"potentialAction":[{"@type":"SearchAction","target":{"@type":"EntryPoint","urlTemplate":"https:\/\/economiasocial.aupex.org\/?s={search_term_string}"},"query-input":{"@type":"PropertyValueSpecification","valueRequired":true,"valueName":"search_term_string"}}],"inLanguage":"es"},{"@type":"Organization","@id":"https:\/\/economiasocial.aupex.org\/#organization","name":"Econom\u00eda Social sin barreras","url":"https:\/\/economiasocial.aupex.org\/","logo":{"@type":"ImageObject","inLanguage":"es","@id":"https:\/\/economiasocial.aupex.org\/#\/schema\/logo\/image\/","url":"https:\/\/i2.wp.com\/economiasocial.aupex.org\/wp-content\/uploads\/2020\/12\/ES_logo.png?fit=1139%2C363","contentUrl":"https:\/\/i2.wp.com\/economiasocial.aupex.org\/wp-content\/uploads\/2020\/12\/ES_logo.png?fit=1139%2C363","width":1139,"height":363,"caption":"Econom\u00eda Social sin barreras"},"image":{"@id":"https:\/\/economiasocial.aupex.org\/#\/schema\/logo\/image\/"}}]}},"jetpack_shortlink":"https:\/\/wp.me\/PasIM4-7q","jetpack-related-posts":[],"jetpack_sharing_enabled":true,"_links":{"self":[{"href":"https:\/\/economiasocial.aupex.org\/index.php\/wp-json\/wp\/v2\/pages\/460","targetHints":{"allow":["GET"]}}],"collection":[{"href":"https:\/\/economiasocial.aupex.org\/index.php\/wp-json\/wp\/v2\/pages"}],"about":[{"href":"https:\/\/economiasocial.aupex.org\/index.php\/wp-json\/wp\/v2\/types\/page"}],"author":[{"embeddable":true,"href":"https:\/\/economiasocial.aupex.org\/index.php\/wp-json\/wp\/v2\/users\/4"}],"replies":[{"embeddable":true,"href":"https:\/\/economiasocial.aupex.org\/index.php\/wp-json\/wp\/v2\/comments?post=460"}],"version-history":[{"count":1,"href":"https:\/\/economiasocial.aupex.org\/index.php\/wp-json\/wp\/v2\/pages\/460\/revisions"}],"predecessor-version":[{"id":461,"href":"https:\/\/economiasocial.aupex.org\/index.php\/wp-json\/wp\/v2\/pages\/460\/revisions\/461"}],"wp:attachment":[{"href":"https:\/\/economiasocial.aupex.org\/index.php\/wp-json\/wp\/v2\/media?parent=460"}],"curies":[{"name":"wp","href":"https:\/\/api.w.org\/{rel}","templated":true}]}}